e w(1).
-6
Let y(j) be the second derivative of -1/3*j**3 + 0 - 4*j + 3*j**2. Calculate y(6).
-6
Let j(y) = y**3 - 5*y**2 + y + 2. Suppose -3*u + 34 = -r, -5*u + 80 = -0*u + 3*r. Let b = -8 + u. Give j(b).
7
Let v(o) = -o**2 - 2*o + 6. Let y be v(-3). Suppose 0 = -2*b - 11 + y. Let w(t) = -t - 2. Give w(b).
2
Let t = 13 - 1. Suppose -o = r + 4*o - t, -2*r - 3*o = -17. Let k(p) = -p + 7. What is k(r)?
0
Let j(g) = -g**3 + 4*g**2 - 2*g + 5. Suppose 2*o = r + 3*o - 9, 0 = -3*o - 12. Let k be r/3 + 2/(-6). Determine j(k).
-3
Let r be ((-10)/4*2 - 0) + 3. Let j(p) = 3*p + 1. Calculate j(r).
-5
Let w(s) = -s**3 - 9*s**2 - 2*s + 7. Let m(c) = -2*c + 4*c - 4 + c**3 - c + 5*c**2. Let t(o) = 5*m(o) + 3*w(o). What is t(2)?
7
Let p(v) = 6*v**2 - 5*v**2 + 2*v**2 + 7 - 4*v**2 - 6*v. Determine p(-7).
0
Let n be (2 + (-2 - -1))*0. Suppose -1 = j - n*j. Let a(c) = 3*c**2 + 3*c - 3. Let h(y) = -10*y**2 - 10*y + 10. Let x(w) = -7*a(w) - 2*h(w). What is x(j)?
1
Let r(b) = -b**3 + 13*b**2 + 2*b - 19. Let f be r(13). Let i(w) = -3 + 11*w - f*w - 5*w. Let k = -1 - 3. Calculate i(k).
1
Let l(i) be the third derivative of i**6/120 - i**5/20 - i**4/24 - 2*i**3/3 + 20*i**2. Give l(4).
8
Let l = -18 + 0. Let n = -15 - l. Let x(z) = -z**3 + 2*z**2 + 3*z - 3. Give x(n).
-3
Let y(n) be the third derivative of n**6/120 + 3*n**5/20 - n**4/24 - 4*n**3/3 + 49*n**2. Give y(-9).
1
Let c(p) = -4*p - 1. Suppose 0 = -3*l + 5 - 17. Let s be ((-3)/l)/((-3)/(-12)). Let z be (-1*(-2 + s))/1. Give c(z).
3
Let f(x) = -x**2 - 40*x + 79*x - 38*x + 4 + 0*x**2. Calculate f(5).
-16
Let y(q) = 8*q**2 + 9. Let a(z) = 7*z**2 + z + 8. Let p(w) = -7*a(w) + 6*y(w). Calculate p(-7).
-2
Let w(s) be the first derivative of 3*s**2 + s + 6. Let d(u) = u**3 - 8*u**2 + 8*u - 8. Let k be d(7). Determine w(k).
-5
Let u be (-24)/(-9)*18/8. Suppose 4*l - l + u = 0. Let f(s) = -3*s**2 - 6. Let t(w) = 8*w**2 + 17. Let v(i) = 11*f(i) + 4*t(i). What is v(l)?
-2
Let h(r) = -r**3 - 7*r**2 + 4*r + 7. Let c(x) = x**3 + 7*x**2 - 5*x - 6. Let f(z) = -3*c(z) - 4*h(z). Determine f(-7).
-3
Let c be -9*(0 + -1)/3. Suppose c*x - 4*z - 1 = 0, 2*z - 17 = -4*x - 1. Let d(g) = 2*g**2 - 2*g - 2. Determine d(x).
10
Let c(r) = 3*r + 2 - 3 - 1. Let d(i) = -i**2 - i - 2. Let b be d(0). Calculate c(b).
-8
Let n be (-4)/(-10) + 44/(-10). Let z(r) be the third derivative of 1/12*r**4 - 1/120*r**6 + 0*r - r**2 - 1/3*r**3 + 0 - 1/20*r**5. Give z(n).
6
Let k(h) = 2*h + 16. Suppose 2*y + 8*c = 3*c - 47, -3*c = 4*y + 59. What is k(y)?
-6
Let u(a) = -8*a**3 + 1. Suppose -g - 109 = -110. Calculate u(g).
-7
Suppose -j = -4 + 2. Let z(b) = b. Let n(y) = -y + 4. Let l(o) = j*z(o) + n(o). What is l(-6)?
-2
Let h(t) be the second derivative of -1/2*t**2 + 2*t + 0 + 2/3*t**3. Determine h(-1).
-5
Let c(o) = 3*o**2 + 20*o - 12. Let j(v) = 2*v**2 + 13*v - 8. Let y(x) = 5*c(x) - 8*j(x). Let n(r) = r**2 + 4*r - 4. Let b be n(-4). Determine y(b).
4
Let p(o) be the third derivative of o**6/120 + o**5/10 + o**4/12 - o**3/2 - 5*o**2. What is p(-5)?
12
Let x(g) be the first derivative of -g**3/3 + g**2/2 + 9*g + 18. Give x(0).
9
Let p be 1/((-1)/(-6)) + -3. Let f(t) = 3*t**3 - 4*t**p + 3*t**2 + t - 3*t**2 + 3*t**2. Suppose -3*v - b = -11, -2*v + 3 = -b - 1. What is f(v)?
3
Let c(j) = j**3 - 6*j**2 + 3*j + 7. Let w be (-41)/(-8) + (-1)/8. Determine c(w).
-3
Let i(s) be the first derivative of -2*s**2 - 15. What is i(1)?
-4
Let q(a) be the third derivative of -a**6/120 - a**5/12 - a**4/6 + 2*a**3/3 - 15*a**2. What is q(-4)?
4
Suppose 2*g + 2 = 4*g. Let k(d) = -7 + 2*d - 1 + g + 1. Calculate k(5).
4
Let k(l) = -4*l**2 + 2*l**3 - 2*l**3 - 5*l - 4 + l**3. Let z(v) = -v**2 + v. Let n be z(0). Let b = 5 - n. Calculate k(b).
-4
Let y(o) be the second derivative of -o**4/12 - o**3/6 + 5*o**2/2 - 4*o. What is y(-4)?
-7
Let y(s) = s**2 + s - 1. Let x(c) = -10*c**2 - 10*c + 6. Let m(k) = -x(k) - 8*y(k). Calculate m(-2).
6
Let d = 5 + -3. Suppose -5*v = d*c - 4*c - 13, -10 = -3*v - c. Let o(r) = -r**2 + 5*r**3 + 3*r**2 + v*r - 2*r. Give o(-1).
-4
Let c = -47 - -49. Let o(b) = -2*b - 1 + 4 - 2*b**2 + 0*b**2. Calculate o(c).
-9
Let o = -125 - -2501/20. Let q(r) be the second derivative of 0 - 1/12*r**4 - 1/6*r**3 + 5*r**2 - r - o*r**5. Determine q(0).
10
Let q(j) be the first derivative of 2*j**3/3 + 9. What is q(1)?
2
Let n be (1 - (-20)/6) + 14/21. Let u(y) = -y**3 + 6*y**2 - 7*y + 4. Give u(n).
-6
Let t be (-2 - -2)/(2 + -4). Let y be (10 + t)*(-6)/12. Let l(k) = -3*k + 2. Let z(g) = -8*g + 7. Let s(w) = 11*l(w) - 4*z(w). Determine s(y).
-1
Let o(x) be the first derivative of -x**4/24 + x**3/2 - x**2/2 + 4. Let c(t) be the second derivative of o(t). Let v = 4 + -7. Determine c(v).
6
Let d(f) = -2*f**2 + 3. Let x be (-6)/9 + (-44)/(-12). What is d(x)?
-15
Let d = 5 + -14. Let y = -6 - d. Let q(l) = -3 - 4*l**2 + 4*l**3 - 3*l**3 + 2 + 2*l**2 - 4*l. What is q(y)?
-4
Let p(d) = 2*d**2 - 2*d - 2. Suppose 7 = -3*c + 1. Let x be 5 + 0*c/4. Suppose 4*f = -v + f - 10, -v - 18 = x*f. Determine p(v).
2
Let w = 2 + -2. Suppose -h + 1 = -w. Let z(j) = -5*j**2 - 6*j + 11. Let l(v) = -v**2 - v + 2. Let q(s) = 11*l(s) - 2*z(s). Give q(h).
0
Suppose 5*u - 12 = 3. Let w = u + 0. Let s(n) be the second derivative of n**4/6 - n**3/3 - 2*n**2 - 11*n. Calculate s(w).
8
Let o(p) = -p**2 - 2*p - 1. Suppose 21 = 3*d - 3*z, 8*d + 4*z + 4 = 4*d. Suppose -3*g - d = -2*g. Determine o(g).
-4
Suppose 0 = 4*j - 20 - 0. Suppose -20 = -4*w, 0*m + j*m + 3*w - 20 = 0. Let t(d) = d**2 - 2 - d - m + 0*d**2. Calculate t(-3).
9
Let r(v) = -v**3 - 10*v**2 - 5*v. Let t(x) = x**2 + 6*x + 8. Let h be t(-6). Let i(b) = 3*b**3 + 29*b**2 + 15*b. Let s(g) = h*r(g) + 3*i(g). What is s(-6)?
6
Let x(s) = -15*s + 1. Let k(r) = 3*r. Let i(o) = 11*k(o) + 2*x(o). Let m = 5 - 7. What is i(m)?
-4
Let b(g) = -6*g**2 + g + 2. Let m(u) = u**2 + u. Let f(o) = -b(o) - 5*m(o). Give f(3).
-11
Let h(l) = -l**2 + 6*l - 7. Let k(w) = 6*w**2 + 2*w + w**2 - w. Let m be k(-1). What is h(m)?
-7
Let w(i) be the third derivative of -i**9/60480 - i**8/6720 + i**7/5040 + i**6/240 + i**5/15 + 5*i**2. Let y(k) be the third derivative of w(k). What is y(-3)?
0
Let f(g) = 4*g**3 + g**2 + g - 5. Let o(n) = 7*n**3 + 2*n**2 + n - 9. Let y(x) = 5*f(x) - 3*o(x). Suppose 4*j = h - 18, 0 = h - 3*h + 5*j + 21. What is y(h)?
2
Let p be (195/4)/(-5) + 12/16. Let r(f) = -f - 13. Calculate r(p).
-4
Let w = -67 - 26. Let i be 10/(-55) + w/33. Let g(f) = f**2 - 2. Determine g(i).
7
Let k(f) = -f**2 + 3*f - 1. Let p(d) = d. Let t be p(2). Give k(t).
1
Let q(s) = 3*s - 3. Let y(d) = d**2 + 5*d - 4. Let m be y(-6). Let x be q(m). Suppose -t + 4*k = -7 - 7, -t - x*k = 7. Let r(n) = -2*n**2 - 2*n + 2. Give r(t).
-10
Let z(y) = 15*y - 15. Let r(o) = 7*o - 7. Let m(g) = -5*r(g) + 2*z(g). Let s(p) = -p. Let v(x) = m(x) - 6*s(x). Determine v(0).
5
Let o be ((-2)/2)/((-1)/(-2)). Let f be 41/(-13) + (-22)/(-143). Let c = f - o. Let q(r) = 5*r**2 - 2*r - 1. Calculate q(c).
6
Let n(a) = -a**2 + 2*a. Let v(i) = i**2 + 7*i + 3. Suppose -3 = 2*j - 3*j. Let f be -7*((j - 1) + -1). Let d be v(f). Calculate n(d).
-3
Let h(m) be the first derivative of m**2/2 - 6. Determine h(0).
0
Let h(y) be the first derivative of -y**2/2 + 2*y + 14. Calculate h(7).
-5
Let z(r) = 2 + 9 - 1 - r - 2. Let x be z(8). Let g(m) = -m**3 - m + 9. Give g(x).
9
Let r(f) = -2*f - 9. Let m be r(-6). Suppose -m*c = -3*k - 6, 0 = -4*c - 2*k + k + 18. Let z(y) = -y + 4. Determine z(c).
0
Let c = 75 + -73. Let x(o) be the second derivative of o**3/6 + o. Determine x(c).
2
Let g = 37 - 18. Let y = -31 + g. Let h be (-2)/3 - y/(-9). Let q(c) = c**3 - 3*c - 1. Give q(h).
-3
Let f(w) = 3*w - 2*w**2 + 2*w**2 + w**3 - 3*w**2 + 5*w**2 + 3. Let r be f(-2). Let n(j) = -j**3 - 3*j**2 - 2*j + 4. Give n(r).
10
Let g(t) = -1 - t + 3 + 7*t**2 - 9*t**2 + t**3. Let x(w) = w**2 + 6*w - 2. Let j be x(-6). Calculate g(j).
-12
Let d(r) = -6*r**3 + 5*r**2 + 4*r - 7. Let z(y) = 6*y**3 - 6*y**2 - 5*y + 8. Let j(v) = 7*d(v) + 6*z(v). Determine j(-1).
6
Let t(m) = -m**3 - 6*m**2 + m**2 - 13*m - 4 + 18*m. Give t(-6).
2
Let b(a) be the second derivative of -2/3*a**3 + 1/2*a**2 + 1/24*a**4 + 0 - 2*a. Let d(i) be the first derivative of b(i). Calculate d(-3).
-7
Let m(z) = z**3 + 4*z**2 - z - 2. Let d be m(-4). Suppose -d*a - 2*g - 18